2?
900
Calculate the remainder when 7751517 is divided by 326.
215
Calculate the remainder when 631680 is divided by 210512.
144
Calculate the remainder when 874186 is divided by 568.
34
What is the remainder when 6332752 is divided by 81?
10
Calculate the remainder when 14200374 is divided by 4.
2
What is the remainder when 348235 is divided by 3733?
1066
What is the remainder when 40540 is divided by 869?
566
What is the remainder when 67883 is divided by 13566?
53
Calculate the remainder when 46817 is divided by 8624.
3697
What is the remainder when 8178877 is divided by 6693?
31
What is the remainder when 6575552 is divided by 410964?
128
What is the remainder when 1571028 is divided by 314193?
63
What is the remainder when 1853227 is divided by 102?
91
Calculate the remainder when 1616326 is divided by 67309.
910
What is the remainder when 1370588 is divided by 11?
10
Calculate the remainder when 118059 is divided by 38558.
2385
Calculate the remainder when 13007532 is divided by 831.
720
Calculate the remainder when 605622 is divided by 29.
15
What is the remainder when 43430 is divided by 1206?
14
What is the remainder when 5346020 is divided by 1336486?
76
Calculate the remainder when 843207 is divided by 421455.
297
What is the remainder when 215469 is divided by 258?
39
Calculate the remainder when 2128898 is divided by 982.
904
What is the remainder when 62603 is divided by 7241?
4675
Calculate the remainder when 454939 is divided by 1253.
100
Calculate the remainder when 39412805 is divided by 41.
38
What is the remainder when 141773 is divided by 138?
47
What is the remainder when 24452512 is divided by 8464?
16
What is the remainder when 210541 is divided by 711?
85
Calculate the remainder when 10446472 is divided by 417854.
122
What is the remainder when 19139 is divided by 9299?
541
What is the remainder when 195402 is divided by 2107?
1558
What is the remainder when 42545365 is divided by 924899?
11
Calculate the remainder when 299210 is divided by 149592.
26
Calculate the remainder when 5752339 is divided by 719036.
51
What is the remainder when 4464448 is divided by 2?
0
What is the remainder when 127271589 is divided by 1165?
1164
What is the remainder when 26775 is divided by 3013?
2671
Calculate the remainder when 7055886 is divided by 160361.
2
What is the remainder when 494921 is divided by 164971?
8
What is the remainder when 446069 is divided by 163?
101
What is the remainder when 683714 is divided by 52572?
278
Calculate the remainder when 2991 is divided by 459.
237
What is the remainder when 2266 is divided by 734?
64
What is the remainder when 31081 is divided by 10334?
79
Calculate the remainder when 817438 is divided by 817161.
277
Calculate the remainder when 21190867 is divided by 343.
327
Calculate the remainder when 10781256 is divided by 3593677.
225
What is the remainder when 125051 is divided by 529?
207
What is the remainder when 223340646 is divided by 2993?
2986
What is the remainder when 1246628 is divided by 138510?
38
What is the remainder when 133353 is divided by 2382?
2343
Calculate the remainder when 37362317 is divided by 91.
83
Calculate the remainder when 76001706 is divided by 62.
60
Calculate the remainder when 499908 is divided by 471.
177
What is the remainder when 34524306 is divided by 188?
174
What is the remainder when 865696 is divided by 122?
106
What is the remainder when 522931000 is divided by 93?
91
Calculate the remainder when 10589150 is divided by 24741.
2
Calculate the remainder when 171788 is divided by 1087.
42
Calculate the remainder when 7174325 is divided by 11.
4
What is the remainder when 31092 is divided by 14032?
3028
Calculate the remainder when 4287258 is divided by 26963.
141
What is the remainder when 79543766 is divided by 26514565?
71
What is the remainder when 7137121 is divided by 6401?
6
Calculate the remainder when 116715071 is divided by 6468.
11
What is the remainder when 41562 is divided by 3080?
1522
What is the remainder when 185974 is divided by 13279?
68
Calculate the remainder when 979332 is divided by 311.
304
What is the remainder when 19044288 is divided by 611?
29
Calculate the remainder when 40957 is divided by 1186.
633
What is the remainder when 511204404 is divided by 8317?
8316
What is the remainder when 2604753 is divided by 40?
33
Calculate the remainder when 59539200 is divided by 16330.
20
What is the remainder when 2996791 is divided by 586?
573
What is the remainder when 26518 is divided by 26271?
247
Calculate the remainder when 20136166 is divided by 27.
25
What is the remainder when 53738 is divided by 1874?
1266
Calculate the remainder when 4400224 is divided by 64.
32
Calculate the remainder when 172325 is divided by 24525.
650
Calculate the remainder when 158088 is divided by 40.
8
What is the remainder when 17260152 is divided by 1001?
910
What is the remainder when 354857 is divided by 5423?
2362
What is the remainder when 5190087 is divided by 52425?
12
What is the remainder when 193408 is divided by 2105?
1853
Calculate the remainder when 48318587 is divided by 128.
123
What is the remainder when 1820106 is divided by 113726?
490
What is the remainder when 336702 is divided by 925?
2
Calculate the remainder when 161612 is divided by 11540.
52
Calculate the remainder when 8274577 is divided by 18.
13
What is the remainder when 3872242 is divided by 68?
50
What is the remainder when 21422835 is divided by 130627?
7
Calculate the remainder when 1121411 is divided by 70086.
35
Calculate the remainder when 4729092 is divided by 20925.
42
Calculate the remainder when 33608 is divided by 4752.
344
Calculate the remainder when 5249542 is divided by 86.
16
Calculate the remainder when 36561 is divided by 3381.
2751
Calculate the remainder when 1339492 is divided by 80.
52
Calculate the remainder when 116514 is divided by 13757.
6458
Calculate the remainder when 7080506 is divided by 11513.
11
Calculate the remainder when 65451 is divided by 4998.
477
Calculate the remainder when 25734740 is divided by 31.
28
Calculate the remainder when 131031 is divided by 130976.
55
What is the remainder when 17898349 is divided by 1118642?
77
Calculate the remainder when 218727 is divided by 2840.
47
Calculate the remainder when 23646619 is divided by 104631.
13
What is the remainder when 59439021 is divided by 6836?
1
Calculate the remainder when 5172491 is divided by 2001.
1907
What is the remainder when 25521 is divided by 225?
96
What is the remainder when 12414938 is divided by 21442?
20
What is the remainder when 31259 is divided by 7525?
1159
What is the remainder when 140607 is divided by 11696?
255
What is the remainder when 772337 is divided by 59240?
2217
What is the remainder when 1105002 is divided by 221?
2
What is the remainder when 11381869 is divided by 45?
19
What is the remainder when 131012 is divided by 2331?
476
What is the remainder when 1786498 is divided by 3173?
99
What is the remainder when 151935167 is divided by 1419?
1418
Calculate the remainder when 3935 is divided by 860.
495
What is the remainder when 7404180 is divided by 53?
27
Calculate the remainder when 5581422 is divided by 912.
894
What is the remainder when 76378 is divided by 76318?
60
What is the remainder when 726204 is divided by 60?
24
What is the remainder when 11784 is divided by 3842?
258
What is the remainder when 1707972 is divided by 6?
0
What is the remainder when 157974910 is divided by 1152?
1150
What is the remainder when 4205403 is divided by 140?
83
What is the remainder when 508038 is divided by 90?
78
Calculate the remainder when 1148525 is divided by 688.
253
What is the remainder when 2585152 is divided by 517012?
92
What is the remainder when 27523547 is divided by 4587256?
11
What is the remainder when 96752 is divided by 48371?
10
Calculate the remainder when 8923011 is divided by 991442.
33
What is the remainder when 8017885 is divided by 2672627?
4
What is the remainder when 1863201 is divided by 1186?
1181
Calculate the remainder when 19457189 is divided by 6485727.
8
Calculate the remainder when 80206012 is divided by 22.
18
Calculate the remainder when 153797323 is divided by 733.
729
What is the remainder when 3066306 is 